
Let q = 2502 - 2397. Let j = 33 - 3. What is the greatest common divisor of q and j?
15
Suppose -4*b + 4*g + 708 = 0, -3*g - 346 = -5*b + 529. Suppose z = -3*d + 127, -4*d + 0*d = -2*z - 176. What is the highest common divisor of d and b?
43
Suppose 0 = u - 4*u + 9, -3*l + 60 = 5*u. Let f = 31 + -21. Calculate the greatest common divisor of f and l.
5
Suppose -5*p = -2*z - 8066, -6*p + p + 3*z + 8064 = 0. Let c = -1097 + p. Calculate the highest common factor of c and 47.
47
Suppose -d = -2*c - 2*d + 7, -2*d + 5 = -5*c. Let z(s) = 14*s**3 + s. Let x be z(c). Let t = -1238 - -1403. Calculate the greatest common divisor of t and x.
15
Let g be 0 + 8 + (-6)/2. Let d = -47 - -72. Suppose -13 - 7 = 5*y, d = w + 5*y. What is the highest common divisor of w and g?
5
Let j(m) = m**2 + 5*m + 7. Let y be j(-6). Suppose -y = -b - a - 4*a, 4*a - 26 = -2*b. Calculate the highest common factor of b and 13.
13
Let g(p) = -p**3 - 17*p**2 + 19*p + 20. Let h be g(-18). Suppose h*j + 6 = 58. Calculate the greatest common divisor of j and 13.
13
Let k be (-584)/1314 - (206/(-18) - 1). Calculate the highest common factor of k and 348.
12
Let g be (630 + 0)*((-40)/25)/(-2). Calculate the greatest common factor of 63 and g.
63
Suppose 4*h - 2 = 3*z, 2 = -3*z - 4. Let o be (h/2)/(15/(-120)). What is the highest common factor of 10 and o?
2
Let n(s) = -6 - 3*s + 3*s + 41*s**2 - s. Let x be n(-2). Let k = -112 + x. What is the greatest common factor of k and 6?
6
Suppose -108*w - 338 = -134*w. Calculate the highest common factor of w and 208.
13
Suppose -48 = 5*l - 138. Suppose 3*p - 6 = -0*j + j, -j = 4*p - 8. Suppose -p*k = -233 - 163. What is the greatest common factor of l and k?
18
Let v = 14 + -6. Let h be -11 + ((-10)/4 - -2)*4. Let k = h - -77. Calculate the greatest common divisor of k and v.
8
Let k = 78 - 75. Suppose 5*j + 0*q - 61 = -k*q, -4*j = 3*q - 50. Calculate the greatest common factor of 44 and j.
11
Let j(n) = 5*n**3 - n**2 + 2*n + 1. Let q be j(2). Let v = q + -22. Let b be (5 - 23)*38/(-6). What is the highest common divisor of v and b?
19
Suppose 0 = 5*z - 8*z + 3. Let s be (-17 - -16)/(z/(-14)). What is the greatest common factor of 21 and s?
7
Suppose -12 = q + 1. Let r = q + 35. What is the greatest common factor of 2 and r?
2
Let j(v) = 2*v**2 + 5*v - 8. Let b = -101 - -103. Let p be j(b). What is the greatest common factor of p and 35?
5
Let s = -507 - -843. Calculate the highest common factor of s and 144.
48
Let g = 6 - 0. Let x be (-7)/((-42)/208)*g. Calculate the highest common factor of 52 and x.
52
Let c = 433 + -291. Calculate the greatest common divisor of c and 497.
71
Let s = 6 + -6. Suppose 153 = -2*v + 3*v + 5*c, v + 2*c - 162 = s. What is the highest common factor of 28 and v?
28
Let s be -10 + 2 - (-8)/2. Let w = 4 + s. Suppose -2*c + 7*c + 810 = 5*r, -c - 2 = w. Calculate the highest common factor of r and 32.
32
Let y(o) = 154*o - 523. Let p be y(5). Calculate the greatest common divisor of p and 13.
13
Let s be 10 + 1 + -1 - (0 + 2). Let t(k) = -k**3 - 5*k + 6. Let c be t(4). Let g = 110 + c. What is the greatest common factor of s and g?
8
Let k(g) = g**2 + 7*g + 5. Let y = -26 - -19. Let d be k(y). Suppose d*h = -25, 2*i + 2*h = -i + 68. What is the greatest common divisor of i and 26?
26
Suppose -2 = d - 1, 3*j = 4*d + 229. Suppose -5*i = -8*i + 150. Calculate the highest common divisor of i and j.
25
Suppose -4*x + 11 = -x + i, 5*x - 2*i - 22 = 0. Suppose 3*q + s = 4*s + 54, 3*q - x*s = 57. Calculate the highest common factor of 10 and q.
5
Let b = 969 + -829. Calculate the highest common divisor of b and 175.
35
Let v be 4/6 - 13347/(-27). Suppose 0*s = -5*s + v. What is the highest common divisor of s and 9?
9
Suppose 4*m - 5*n - 176 = 965, -4*m + 1159 = n. What is the greatest common divisor of 68 and m?
17
Let i = 55 - 5. Suppose 8*g - 118 - 42 = 0. What is the greatest common divisor of g and i?
10
Suppose 0*z + 4*z = -4. Let v(x) = 15*x**2 + x. Let o be v(z). Let t = 322 + -266. What is the highest common factor of t and o?
14
Suppose 0 = -3*r - z + 115 - 0, -4*r = -2*z - 150. Suppose 0 = -3*k + 113 + 172. What is the highest common divisor of r and k?
19
Suppose 4*u = u + 9. Suppose 4*h + 0*h - 2*g - 138 = 0, -3*h = u*g - 81. Calculate the greatest common divisor of h and 160.
32
Suppose 10 = 2*p, 254 = -3*a + 5*a + 4*p. Calculate the highest common factor of a and 13.
13
Let y = 1001 - 991. What is the highest common divisor of y and 2430?
10
Suppose -2*f = 4*q - 3*f - 290, -3*q = 5*f - 206. Calculate the highest common factor of q and 16.
8
Let a(b) = 12*b**2 - 3*b + 2. Let i be a(6). Suppose 4*n = -4*m + 7*m + 220, -n + 60 = -2*m. What is the highest common factor of n and i?
52
Let h be 0 - -1 - (-154)/(-7). Let r = 23 + h. Calculate the greatest common divisor of r and 8.
2
Let r(i) = i**2 - 6*i + 1. Let l be r(6). Let z be l - 4/((-4)/5). Let n = -58 + 76. Calculate the greatest common divisor of z and n.
6
Let d(k) = 24*k - 2. Let p(i) = 384*i - 33. Let g(x) = 33*d(x) - 2*p(x). Let n be g(4). Suppose -u - 4 = -16. Calculate the highest common divisor of n and u.
12
Let h(v) = 2*v - 12. Let q be h(4). Let y be q/6*(3 + -39). Calculate the greatest common factor of y and 36.
12
Let j = 85 + -51. Suppose j = h + h. Let n = h + -5. What is the highest common divisor of n and 12?
12
Suppose -4*b = -u + 19 + 189, -u = -3*b - 212. Calculate the greatest common factor of 7 and u.
7
Let k(q) = q**2 - 10*q - 6. Let u be k(11). Let f(d) = -d**3 + 5*d**2 + 5*d - 7. Let c be f(u). Calculate the highest common factor of 45 and c.
9
Let d = -13 + 18. Suppose -2*j + 15 = -d*j. Let z be ((-216)/(-20))/((-2)/j). Calculate the highest common divisor of 9 and z.
9
Let t(w) be the first derivative of -1/4*w**4 - 10/3*w**3 + 8 + 5*w**2 + 4*w. Let l be t(-11). What is the greatest common factor of l and 5?
5
Let n(g) = 57*g + 425. Let k be n(-7). Calculate the greatest common factor of k and 1053.
13
Let n be 5*(1 - 0/(-4)). Let l be (-4)/6*3 + 3. What is the highest common factor of n and l?
1
Suppose 2*u - 4*a - 2420 = -2*u, -5*a = u - 635. What is the greatest common divisor of 30 and u?
10
Let y be 149 - 21 - (-4 + 2). Calculate the highest common divisor of 26 and y.
26
Suppose 70 = -5*f + 265. Let r = 964 + -535. What is the highest common divisor of r and f?
39
Let t be (4 - 2)*(-2)/(16/(-12)). Suppose -t = -3*j + 27. Let o = 97 + -57. Calculate the highest common divisor of o and j.
10
Let g(d) = -2*d - 10. Let o be g(-6). Let l be 243/2*(0 + o). What is the greatest common factor of l and 27?
27
Suppose -x = x, 8 = 4*d + 3*x. Calculate the highest common divisor of d and 3.
1
Let w(q) = q**3 + 7*q**2 - 8. Let f be w(-9). Let d = -80 - f. What is the highest common divisor of d and 18?
18
Let t be (-4)/(-10) + 1176/35. Let d be 40/25 + 4/10. What is the greatest common divisor of t and d?
2
Let p(b) = 5*b**2 - 39*b - 2. Let i be p(9). Suppose -4*g = -2*u + 22, g - 2*g = 5*u - 66. Calculate the greatest common factor of i and u.
13
Let s = 77 - 131. Let b = -37 - s. Suppose -b = 2*h - 73. Calculate the greatest common factor of 196 and h.
28
Let i(l) = l**3 + 42*l**2 + 137*l + 80. Let u be i(-37). What is the greatest common divisor of u and 29?
29
Let o be (-2 - -9) + 1 + -4. What is the greatest common factor of 44 and o?
4
Let p be ((-4864)/60)/(-8) + 12/(-90). What is the greatest common divisor of 40 and p?
10
Let k = 56 + 10. Let g(l) = -2*l**3 - l**2 + 2*l + 2. Let f be g(-2). Suppose -4*v = -f*v + k. Calculate the highest common divisor of 121 and v.
11
Suppose -330 = -0*u - 5*u. Calculate the greatest common factor of 264 and u.
66
Suppose 4*j - 5*w = 685, 5*j + 3*w = w + 848. Calculate the highest common divisor of 10 and j.
10
Suppose 0 = 5*v - 5*w + 4*w + 2, -3*v - 3*w = 12. Let s(n) = 10 - 10 - 2 - 23*n. Let o be s(v). What is the greatest common factor of 63 and o?
21
Suppose -39*w = -51*w + 1860. Calculate the highest common factor of 124 and w.
31
Let f = -9 + 23. Let h = -24 + 24. Let z = h + f. Calculate the highest common factor of 2 and z.
2
Let y be (-4515)/63*(-6)/5. Calculate the highest common factor of y and 1247.
43
Let m = -46 - -49. Suppose 62 = 2*q + 4*i, -3*q + m*i + 91 = q. Calculate th